*h + v*h - 24 = 0. What is the tens digit of h?
1
Let l = 5 + -3. Let x(h) = -h**3 + 3*h**2 - h + 1. Let q be x(l). Suppose -a - 1 = w, w + q*w = 5*a + 23. What is the units digit of w?
2
What is the units digit of 1 + 1 + (-55)/(-11)?
7
Let g(q) = 5*q**3 - q**2 + 2*q + 2. Let t be g(3). Suppose -t = -4*b + 46. What is the tens digit of b?
4
Suppose -6*c - 17*c = -2415. What is the units digit of c?
5
Let u = -6 + 9. Let i = -5 - -8. Suppose i*v + u*c + 8 - 23 = 0, 2*c = -3*v + 20. What is the units digit of v?
0
Suppose 0 = 3*n + 4*g - 9*g - 200, 3*g + 252 = 4*n. Suppose 6*q = 2*q + n. What is the tens digit of q?
1
Let x = 106 + -6. Suppose 0 = -4*r - 0*r + x. Suppose 0 = -k - 4*k + r. What is the units digit of k?
5
Let n = 5 + 0. Suppose 4*j - n*c - 1 - 1 = 0, 4*c + 4 = 4*j. Suppose 4*h + j*o - 11 = 13, 3*h - o = 18. What is the units digit of h?
6
Let q = -56 + 117. What is the tens digit of q?
6
Let v(z) = 218*z**3 - z**2 + 3*z - 2. What is the tens digit of v(1)?
1
Suppose 4*b + 7 - 67 = 0. What is the units digit of (-137)/(-5) + (-6)/b?
7
Let h = -10 + 10. Suppose -3*q + 45 = 3*z - 24, h = 3*q. What is the units digit of z?
3
What is the hundreds digit of 3/(-1) - -140*2?
2
Let j = -5 + 5. Suppose -2*m + 0*b = b, j = m - 3*b - 14. What is the units digit of (2/m + -2)*-1?
1
Let r(u) = 2*u**3 - 3*u**2 - 5*u + 3. Let s(a) = 3*a**3 + a**2 - 1. Let o be s(1). What is the tens digit of r(o)?
1
Suppose -4*p + 4 = 4*z + 48, 4*p = -2*z - 16. Let j = z + 33. What is the tens digit of j?
1
Let d(j) = -j - 3. Let s be d(3). What is the units digit of 2 + s/(-3) + 2?
6
Let l be 13/5 + (-3)/5. Suppose 0 = -l*m + 3*h - 9, 2*m + 5*h = 10 + 21. What is the units digit of m?
3
Let s(o) = -5*o**3 + 3*o + 1. What is the units digit of s(-2)?
5
Suppose -7*k + 2*k = -4*f + 4, -3*k = -5*f + 5. Suppose 3*a - 19 = 2*a - 4*p, k = -5*p - 10. What is the units digit of a?
7
Let v(m) = -2*m**3 + 2*m**2 - 1. Let a be v(-2). What is the units digit of -1 + 1/(1/a)?
2
Let q = 14 + 5. Let x = q - 2. What is the units digit of x?
7
Let r(a) = a + 12. What is the units digit of r(-7)?
5
Let l be -214*(5 - 1)/(-8). Suppose -2*y + l = 37. What is the tens digit of y?
3
Let u(z) = -z**2 - z + 57. What is the tens digit of u(0)?
5
Suppose -36 - 22 = -2*c. What is the tens digit of c?
2
Let w = 5 + -10. What is the tens digit of w/((4 - 3)/(-2))?
1
Let d(p) = -p + 9*p + p**2 + p. Let k be d(-4). Let o = 30 + k. What is the tens digit of o?
1
Let x(l) = -6*l + 5. Let a be x(-5). Suppose 17 = 2*c - a. What is the tens digit of c?
2
Suppose -3*s = -4*s + 1. What is the units digit of s?
1
Suppose 0 = -5*c + 3*j + 13, 8 = 3*c - 2*j - 0. Let x be c/3*3*3. Let m = x - 4. What is the units digit of m?
2
Let z(j) = -8*j - 2. What is the units digit of z(-3)?
2
Let c = -8 + 10. Let q be c*(-1 + (0 - -2)). Suppose q*d = 5*f + 50, 17 = 4*d + 3*f - 31. What is the tens digit of d?
1
Let u(f) = f**2 + 8*f + 14. Let o be 21*(-2 - (-15)/9). What is the units digit of u(o)?
7
Let l(v) = v**3 + 4*v**2 + v + 4. Let m be l(-5). Let r = m - -42. What is the tens digit of r?
1
Let z(k) be the first derivative of -k**4/4 + 10*k**3/3 + k**2 - 14*k - 2. Let c be z(10). What is the units digit of (-3)/9 - (-14)/c?
2
Let x(t) = 5*t**2 - t + 3. What is the tens digit of x(3)?
4
Suppose -3*d = -2*d - 4. Let u be -1 + 3 + 4 + -2. What is the units digit of u/(-6)*-3 + d?
6
Suppose 2*w - 6*w + 260 = 0. What is the tens digit of w?
6
Let i = -4 - -9. Suppose i*g = 13 + 92. What is the units digit of g?
1
Let m(l) = -l**3 - 5*l**2 + 3*l + 1. Let s be m(-6). Let q = 22 - s. What is the units digit of q?
3
Let t(g) = -10*g + 95. What is the units digit of t(-25)?
5
Let d = 3 - 5. What is the tens digit of 92/8 - (-1)/d?
1
Let b(i) = -3*i**3 - 6*i**2 - 5*i + 1. What is the units digit of b(-3)?
3
Let f(g) = -2 - 3*g - 4*g + 5*g - 6*g**2 + g**3 + 0*g**3. Let w be f(7). Suppose 3*z = w + 6. What is the tens digit of z?
1
Suppose 5*j = 5*i - 20, 2*j - 5*i = -3 - 11. Let m be 12/15*(-5)/j. Suppose -3*r + 3 = -m*r. What is the units digit of r?
3
Suppose 2*c + 92 = 4*c. What is the units digit of c?
6
Suppose 0 = -5*w - h - 39 + 206, 5*h - 53 = -2*w. What is the tens digit of w?
3
Let k(g) = -g - 1. Let d = 5 - 1. Let j = 0 - d. What is the units digit of k(j)?
3
Let s(i) = -38*i**2 - 1. Let g be s(1). Let t = -6 - g. Suppose 2 + t = 5*u. What is the units digit of u?
7
Let k(n) = n**3 + 18*n**2 + 14*n + 21. What is the units digit of k(-17)?
2
Suppose 17*n - 160 = 13*n. What is the units digit of n?
0
Let a = 10 - 6. Suppose 5*b + 3*w = 123, -52 = -4*b + 2*b - a*w. What is the units digit of b?
4
Let z(f) = -2*f**2 - f + 215. What is the hundreds digit of z(0)?
2
Suppose -2*z = -2*y - 19 + 5, -2*y = -3*z + 15. Let d(a) = a + 1. Let h(m) = -2*m - 3. Let s(u) = -6*d(u) - 2*h(u). What is the units digit of s(y)?
2
Let b = -1 - -3. Let q(w) = -w**2 + 5*w - 3. What is the units digit of q(b)?
3
Suppose -11 = -n + 4. What is the units digit of n?
5
Suppose 0 = -5*j + 112 - 32. Suppose -5*d + d = -j. What is the units digit of d?
4
Let r = -1 - -5. Let c be (-4)/((16/26)/r). Let i = c + 36. What is the units digit of i?
0
Suppose -5*i = 54 - 9. What is the units digit of (i/6 - -3)*22?
3
Let x(d) = -3*d + 4. Suppose 2*u + 10 = -0*u. What is the tens digit of x(u)?
1
Suppose -5*z = -3*o - 15, -o - 5 = z - 6*z. Suppose 3*w - w - 24 = z. What is the units digit of w?
2
Suppose 3*d + 64 - 178 = 0. What is the units digit of d?
8
Suppose 3*n - 15 = -0*n, 125 = -5*j + 2*n. Let v = j + 46. What is the units digit of v?
3
Suppose 3*s - 4*j + 3*j - 12 = 0, 0 = 4*s - j - 17. Let m(r) be the first derivative of r**3/3 - 5*r**2/2 + 3*r + 2. What is the units digit of m(s)?
3
Suppose -n - w = 0, -4*n + 41 = -w + 16. What is the units digit of n?
5
Suppose -3*q + 128 - 23 = 0. What is the tens digit of q?
3
Suppose -8 = 12*x - 14*x. Let p = x + -2. What is the units digit of p?
2
Let z(v) = v**3 - 9*v**2 + 9*v + 3. What is the units digit of z(8)?
1
Let f(m) = 2*m**2 + 10*m. Let d be f(-7). Suppose 2*y + d = g + 72, 0 = -5*y - g + 124. What is the tens digit of y?
2
Let n(l) = l**3 - 3*l**2 - 4*l - 3. Let r be n(4). Let i be (-2 - -5)*4/r. Let j = 14 + i. What is the units digit of j?
0
Suppose 4*j = -j + 175. Suppose 2*h = -2*d + 38, j = 4*d - 2*h - 17. What is the tens digit of d?
1
Let z = 223 - 573. Let t = 204 + z. What is the units digit of 4/10 + t/(-10)?
5
Let k(q) = q**2 + q + 1. Let d be k(0). Let h = d - -4. Suppose 0 = -h*b, 0*b - 2*b + 6 = 2*z. What is the units digit of z?
3
What is the units digit of (48/3)/(-4) + 66?
2
Suppose -3*w - 174 = -l, -56 = 3*l - 5*w - 558. What is the tens digit of l?
5
What is the units digit of (164/12)/(1/3)?
1
Let b(t) = -12*t - 49. What is the tens digit of b(-5)?
1
Let u = 3 - 0. Let q(r) = r**3 - 3*r**2 + 3*r + 1. Let n be q(u). What is the units digit of 1 + -2 - n/(-2)?
4
What is the units digit of (-153 + -3)/(-4) - 1?
8
Let y(h) = -h**3 - 6*h**2 - 3*h - 7. Let z be y(-6). Let k = z + -7. Let d(i) = i**2 - 4*i + 1. What is the units digit of d(k)?
1
Suppose -11*q - 2 = -57. What is the units digit of q?
5
Let q(y) = -y**2 - 6*y + 51. What is the units digit of q(-7)?
4
What is the units digit of 32/(-48) - (-35)/3?
1
Suppose -4*k - 1294 = -4*s - 2*k, -k + 641 = 2*s. What is the units digit of s?
2
Suppose 160 = 6*q - 2*q. Suppose -3*l + q = -11. What is the units digit of l?
7
Let f be ((-7)/2)/((-3)/(-42)). Let b = 77 + f. What is the units digit of b/6*6/4?
7
Let v be 1 + -3 - 21/(-3). Suppose 0*m = -2*t - 3*m - 2, -v*t + 5*m + 45 = 0. What is the units digit of t?
5
Suppose -150 = -4*c + x, -2*c - 2*x + 82 = 2. What is the tens digit of c?
3
Suppose -135 = -j - 2*j. What is the units digit of j?
5
Suppose 320 = k + 2*j, k = 5*j - 8*j + 322. What is the hundreds digit of k?
3
Suppose -88 - 8 = 4*u. Let j = 6 + u. What is the units digit of (-8)/(-20) + j/(-5)?
4
Let p = -25 + 27. Suppose -p*r - 84 = -8*r. What is the units digit of r?
4
Let c(p) = -2*p. Let y be c(0). Suppose y = 4*q - 65 - 11. What is the units digit of q?
9
What is the units digit of -2 - 192/(-6 - -2)?
6
Let i(f) = f**3 - f**2 + 55. What is the tens digit of i(0)?
5
Suppose p = 107 - 45. What is the ten